33 is divided by 259.
16
Calculate the remainder when 458492 is divided by 2847.
125
What is the remainder when 12851179 is divided by 484?
11
What is the remainder when 531440 is divided by 256?
240
Calculate the remainder when 67262 is divided by 1001.
195
Calculate the remainder when 3067491 is divided by 1707.
12
Calculate the remainder when 4310349 is divided by 2166.
9
What is the remainder when 2533693 is divided by 1881?
1867
What is the remainder when 86186640 is divided by 1861?
8
Calculate the remainder when 2916225 is divided by 31697.
101
Calculate the remainder when 16926241 is divided by 46.
35
Calculate the remainder when 646176 is divided by 1815.
36
Calculate the remainder when 1171123 is divided by 5250.
373
Calculate the remainder when 926240 is divided by 2524.
2456
What is the remainder when 803679 is divided by 895?
864
What is the remainder when 50550 is divided by 1279?
669
Calculate the remainder when 484109 is divided by 242023.
63
What is the remainder when 947258 is divided by 1444?
1438
Calculate the remainder when 15951643 is divided by 15951588.
55
What is the remainder when 7299922 is divided by 1632?
1618
What is the remainder when 337995346 is divided by 154?
150
Calculate the remainder when 158820 is divided by 136.
108
Calculate the remainder when 6243425 is divided by 433.
431
What is the remainder when 116082 is divided by 2764?
2758
What is the remainder when 1099268 is divided by 326?
322
What is the remainder when 5631964 is divided by 234664?
28
Calculate the remainder when 1833312 is divided by 1707.
1701
What is the remainder when 189489335 is divided by 13277?
13268
Calculate the remainder when 985649 is divided by 73.
3
Calculate the remainder when 626685 is divided by 34802.
249
Calculate the remainder when 5463536 is divided by 46301.
18
Calculate the remainder when 282845 is divided by 70613.
393
What is the remainder when 7271172 is divided by 3635498?
176
Calculate the remainder when 685356 is divided by 501.
489
What is the remainder when 410531 is divided by 623?
597
Calculate the remainder when 3190358 is divided by 1880.
1878
What is the remainder when 1283547 is divided by 47534?
129
What is the remainder when 441980 is divided by 16998?
32
Calculate the remainder when 1265805 is divided by 3449.
22
What is the remainder when 134204 is divided by 1623?
1118
Calculate the remainder when 253774 is divided by 1590.
964
Calculate the remainder when 3428557 is divided by 31.
19
Calculate the remainder when 70036389 is divided by 80.
69
Calculate the remainder when 14136 is divided by 1566.
42
What is the remainder when 75126 is divided by 5708?
922
Calculate the remainder when 47435816 is divided by 227.
80
Calculate the remainder when 1082282 is divided by 47055.
17
Calculate the remainder when 643606 is divided by 1841.
1097
Calculate the remainder when 1233522 is divided by 238.
206
What is the remainder when 4674398 is divided by 3407?
3401
Calculate the remainder when 818184119 is divided by 26.
25
Calculate the remainder when 63419181 is divided by 14.
7
Calculate the remainder when 270747 is divided by 1623.
1329
Calculate the remainder when 6184681 is divided by 5.
1
Calculate the remainder when 12440646 is divided by 401306.
160
Calculate the remainder when 82352 is divided by 373.
292
Calculate the remainder when 461324 is divided by 46111.
214
What is the remainder when 27726120 is divided by 7691?
65
Calculate the remainder when 1488467 is divided by 372073.
175
What is the remainder when 11412726 is divided by 665?
661
Calculate the remainder when 192756 is divided by 708.
180
Calculate the remainder when 43064986 is divided by 11318.
11314
What is the remainder when 1186062 is divided by 7310?
1842
Calculate the remainder when 11767635 is divided by 5883785.
65
Calculate the remainder when 42314979 is divided by 2390.
29
What is the remainder when 43072634 is divided by 958?
954
Calculate the remainder when 297188986 is divided by 1164.
1162
Calculate the remainder when 253331 is divided by 8011.
4990
Calculate the remainder when 1665598 is divided by 179.
3
What is the remainder when 16268034 is divided by 2324003?
13
What is the remainder when 123247 is divided by 2236?
267
Calculate the remainder when 187300 is divided by 62432.
4
What is the remainder when 102632 is divided by 14656?
40
Calculate the remainder when 331559 is divided by 1098.
1061
What is the remainder when 230970 is divided by 31878?
7824
Calculate the remainder when 45981 is divided by 1254.
837
What is the remainder when 1728184 is divided by 50?
34
What is the remainder when 69209 is divided by 7620?
629
What is the remainder when 952055 is divided by 2085?
1295
What is the remainder when 102409 is divided by 4233?
817
What is the remainder when 2910427 is divided by 207883?
65
What is the remainder when 356552009 is divided by 305?
299
What is the remainder when 1359749 is divided by 17?
4
What is the remainder when 2715016 is divided by 1534?
1370
Calculate the remainder when 136106795 is divided by 82.
79
Calculate the remainder when 4441373 is divided by 1341.
1322
What is the remainder when 97591 is divided by 9524?
2351
What is the remainder when 204301 is divided by 29077?
762
What is the remainder when 390942 is divided by 115?
57
Calculate the remainder when 221083510 is divided by 1091.
1088
Calculate the remainder when 33597528 is divided by 49.
41
Calculate the remainder when 479926 is divided by 394.
34
What is the remainder when 5888 is divided by 5199?
689
What is the remainder when 37326404 is divided by 15?
14
Calculate the remainder when 51765448 is divided by 92.
84
Calculate the remainder when 295359187 is divided by 170.
167
Calculate the remainder when 4266772 is divided by 4266764.
8
What is the remainder when 2735559 is divided by 99?
90
What is the remainder when 378643 is divided by 22054?
3725
Calculate the remainder when 754269 is divided by 30167.
94
What is the remainder when 152261068 is divided by 131?
30
What is the remainder when 32824063 is divided by 1456?
1455
What is the remainder when 8379067 is divided by 729?
670
Calculate the remainder when 121143996 is divided by 13976.
28
Calculate the remainder when 45986897 is divided by 21.
5
What is the remainder when 1077540 is divided by 3690?
60
Calculate the remainder when 233029 is divided by 232914.
115
What is the remainder when 93781567 is divided by 52?
35
Calculate the remainder when 226375 is divided by 16169.
9
Calculate the remainder when 404033 is divided by 14953.
302
What is the remainder when 13388187 is divided by 181?
160
Calculate the remainder when 27804170 is divided by 83246.
6
What is the remainder when 2128127 is divided by 136?
135
What is the remainder when 54219289 is divided by 4518274?
1
What is the remainder when 13528072 is divided by 21?
19
What is the remainder when 132890322 is divided by 20?
2
What is the remainder when 99945 is divided by 139?
4
Calculate the remainder when 605679 is divided by 1209.
1179
Calculate the remainder when 1620822 is divided by 3692.
34
What is the remainder when 71407366 is divided by 3039?
3022
Calculate the remainder when 92647 is divided by 157.
17
What is the remainder when 1531044 is divided by 393?
309
Calculate the remainder when 1558680 is divided by 519557.
9
What is the remainder when 196948 is divided by 2263?
67
What is the remainder when 406598 is divided by 1014?
998
What is the remainder when 26368158 is divided by 13?
11
Calculate the remainder when 322208 is divided by 708.
68
What is the remainder when 82112 is divided by 20484?
176
Calculate the remainder when 3080128 is divided by 700.
128
Calculate the remainder when 116343 is divided by 3324.
3
Calculate the remainder when 1485661 is divided by 19.
13
Calculate the remainder when 32617536 is divided by 197682.
6
Calculate the remainder when 15455 is divided by 5074.
233
What is the remainder when 64365419 is divided by 4291027?
14
What is the remainder when 26558758 is divided by 120?
118
Calculate the remainder when 1435599 is divided by 1338.
1263
Calculate the remainder when 12960821 is divided by 566.
553
What is the remainder when 310441 is divided by 1232?
1209
Calculate the re